 base 5?
11043
-101011011010101 (base 2) to base 11
-15779
What is -7977 (base 15) in base 13?
-b959
Convert -1100212 (base 3) to base 4.
-33203
-1033 (base 4) to base 11
-72
What is 4a0 (base 14) in base 4?
32130
3b75 (base 12) to base 4
1223021
What is 3413 (base 5) in base 14?
267
Convert 442 (base 12) to base 16.
272
Convert -4e89 (base 16) to base 11.
-14118
Convert 3213 (base 4) to base 8.
347
What is 3212102 (base 4) in base 5?
432423
Convert -f4a3 (base 16) to base 12.
-302ab
1313332 (base 4) to base 2
1110111111110
Convert -302 (base 11) to base 7.
-1031
Convert -1049 (base 12) to base 6.
-12133
120 (base 3) to base 12
13
What is 10001000101101 (base 2) in base 13?
3ca0
31013 (base 5) to base 11
1566
Convert -19651 (base 10) to base 2.
-100110011000011
100000 (base 2) to base 9
35
-12146 (base 8) to base 5
-131342
What is -473 (base 10) in base 12?
-335
Convert -311010 (base 4) to base 7.
-12621
Convert -7797 (base 11) to base 2.
-10100000011110
Convert 591 (base 12) to base 16.
33d
Convert -2987 (base 16) to base 15.
-323b
Convert 144 (base 9) to base 10.
121
100c (base 13) to base 16
8a1
What is -4e46 (base 15) in base 3?
-211221010
-143b (base 14) to base 7
-13304
What is 422004 (base 5) in base 15?
4239
4851 (base 12) to base 11
6117
Convert 120211 (base 3) to base 8.
653
Convert -100002023 (base 4) to base 15.
-146d5
What is 38a89 (base 11) in base 9?
84576
What is -2121 (base 7) in base 12?
-526
Convert 1001000100000 (base 2) to base 13.
215c
What is -1681 (base 12) in base 6?
-20241
11366 (base 9) to base 12
4489
-12b06 (base 14) to base 7
-251206
-11322 (base 5) to base 4
-31011
2555 (base 8) to base 3
1220110
Convert 2100121 (base 4) to base 12.
5421
7aa (base 12) to base 7
3214
Convert -22826 (base 9) to base 14.
-57b6
What is -7b (base 16) in base 4?
-1323
Convert -224404 (base 5) to base 6.
-101304
What is -20432 (base 5) in base 3?
-1212122
Convert 1032331 (base 4) to base 11.
3884
Convert 942 (base 16) to base 5.
33440
What is -1110110000011 (base 2) in base 15?
-238a
What is -110202 (base 3) in base 10?
-344
-54525 (base 7) to base 15
-4096
11161 (base 7) to base 5
42321
What is 212 (base 11) in base 3?
100110
Convert 114 (base 15) to base 8.
364
What is -300031 (base 4) in base 6?
-22141
What is 111000010010100 (base 2) in base 3?
1110112102
Convert 3654 (base 10) to base 7.
13440
221121 (base 3) to base 12
497
What is 446 (base 7) in base 10?
230
12304 (base 5) to base 16
3ba
What is 1c40 (base 15) in base 8?
13767
-107a (base 15) to base 14
-13b4
Convert 123422 (base 6) to base 11.
8439
What is 197c5 (base 14) in base 16?
fc91
What is 331664 (base 7) in base 11?
3a897
-276 (base 8) to base 16
-be
What is 267 (base 15) in base 10?
547
Convert 5503 (base 6) to base 4.
103233
-538 (base 13) to base 11
-741
-4315 (base 6) to base 5
-12413
-20122303 (base 4) to base 5
-2100413
What is 45902 (base 10) in base 14?
12a2a
Convert 130440 (base 7) to base 5.
1233414
4143322 (base 5) to base 16
10beb
What is -225512 (base 7) in base 9?
-61352
What is -165d (base 16) in base 2?
-1011001011101
Convert -2335 (base 9) to base 3.
-2101012
Convert 11201001 (base 3) to base 7.
13000
What is 2b7 (base 12) in base 2?
110101011
Convert 686 (base 9) to base 4.
20310
-323300 (base 6) to base 5
-1323201
What is 2232 (base 16) in base 2?
10001000110010
434253 (base 6) to base 8
106171
762d (base 14) to base 10
20425
Convert 3a09 (base 14) to base 8.
23731
Convert 424 (base 9) to base 8.
532
-152504 (base 6) to base 8
-35030
-2013 (base 5) to base 3
-100120
-2fa (base 16) to base 14
-3c6
Convert -116a (base 16) to base 9.
-6103
What is -16742 (base 10) in base 16?
-4166
What is 132a (base 12) in base 4?
202102
-141303 (base 5) to base 10
-5828
Convert 22221100 (base 3) to base 11.
4994
What is 503 (base 11) in base 16?
260
Convert 2452 (base 10) to base 12.
1504
-1010000011010 (base 2) to base 8
-12032
What is 22745 (base 13) in base 6?
1202312
What is -111430 (base 5) in base 13?
-1a7c
Convert -30 (base 7) to base 4.
-111
Convert -1305154 (base 6) to base 5.
-4234014
Convert -847b (base 14) to base 4.
-11210331
20011 (base 13) to base 9
86334
Convert 100333 (base 4) to base 14.
579
What is 2322 (base 7) in base 5?
11344
-1306 (base 7) to base 6
-2144
465 (base 8) to base 12
219
What is -943 (base 10) in base 14?
-4b5
What is -22102020 (base 3) in base 7?
-23613
What is -21511 (base 7) in base 12?
-315a
Convert b965 (base 13) to base 8.
62253
What is 530 (base 11) in base 7?
1601
1778 (base 15) to base 7
20522
200020 (base 3) to base 13
2bb
What is 13a (base 14) in base 2?
11111000
What is -30703 (base 8) in base 10?
-12739
Convert 12311 (base 5) to base 6.
4232
Convert 1fa (base 16) to base 9.
622
What is 101000010 (base 2) in base 13?
1ba
What is 4a1a (base 13) in base 14?
3b81
What is -3a7 (base 12) in base 6?
-2331
Convert -1212 (base 8) to base 10.
-650
What is 293 (base 15) in base 16?
24c
What is 21220 (base 3) in base 12?
159
What is 344 (base 15) in base 4?
23203
Convert 846d (base 15) to base 9.
42364
Convert 120000020 (base 3) to base 7.
43620
-6442 (base 7) to base 16
-8ec
4866 (base 12) to base 7
32511
What is -1100102 (base 3) in base 8?
-1727
-2dd5 (base 16) to base 11
-88a7
Convert 4418 (base 12) to base 7.
30614
Convert 120121 (base 3) to base 11.
353
What is -27a (base 11) in base 5?
-2304
What is 56000 (base 7) in base 9?
21255
Convert -110022 (base 3) to base 8.
-514
What is 10101100 (base 2) in base 13?
103
12202032 (base 4) to base 9
40640
What is 621 (base 12) in base 15?
3e4
-102224 (base 5) to base 11
-2647
-12616 (base 7) to base 5
-102034
Convert 2f5 (base 16) to base 8.
1365
Convert -54350 (base 7) to base 14.
-4d27
What is 616 (base 7) in base 3?
102101
42136 (base 9) to base 12
14120
-4480 (base 13) to base 10
-9568
Convert 22101220 (base 3) to base 11.
466a
Convert 10022012 (base 3) to base 14.
c40
What is 1408 (base 16) in base 7?
20644
What is -265 (base 14) in base 12?
-341
Convert 2816 (base 13) to base 9.
7815
-2eab (base 15) to base 8
-23515
What is 883 (base 10) in base 12?
617
Convert -2643 (base 8) to base 15.
-663
ab (base 14) to base 11
128
-112101112 (base 3) to base 8
-24372
What is -1b74 (base 15) in base 12?
-3547
What is 10656 (base 8) in base 10?
4526
151a2 (base 13) to base 16
9ba7
-402a (base 14) to base 5
-323024
-1200012 (base 3) to base 10
-1220
What is 665 (base 7) in base 14?
1a5
Convert 581 (base 12) to base 8.
1461
6040 (base 10) to base 6
43544
214a6 (base 11) to base 9
46731
What is 1110110001100 (base 2) in base 12?
4464
Convert -443411 (base 5) to base 3.
-210020101
Convert 292 (base 11) to base 16.
157
What is 11334 (base 7) in base 16?
b64
What is 2301 (base 5) in base 3?
110002
-110021020 (base 3) to base 5
-241233
73b (base 12) to base 11
87a
Convert 1359 (base 15) to base 6.
31050
What is -158 (base 12) in base 11?
-183
What is 2122022 (base 3) in base 13?
b51
What is -121022200 (base 3) in base 11?
-8a37
-46 (base 9) to base 16
-2a
414 (base 12) to base 8
1120
Convert -20153 (base 9) to base 13.
-6054
Convert 315 (base 11) to base 16.
17b
What is -589 (base 11) in base 15?
-31c
Convert -2123302 (base 4) to base 11.
-7544
3342 (base 9) to base 2
100110100100
1c4 (base 16) to base 6
2032
What is -231 (base 5) in base 8?
-102
Convert -9269 (base 14) to base 12.
-126a5
What is 11482 (base 12) in base 11?
16425
Convert -2220333 (base 5) to base 10.
-38843
What is 8a36 (base 12) in base 6?
154510
107144 (base 8) to base 2
1000111001100100
What is 18767 (base 9) in base 2?
11001011011101
Convert 52b (base 13) to base 14.
470
What is 3041 (base 10) in base 12?
1915
47ff (base 16) to base 13
850a
Convert -34516 (base 9) to base 2.
-101100111101011
What is -631 (base 11) in base 7?
-2134
6251 (base 7) to base 8
4220
What is 102111 (base 3) in base 7?
622
-e9c (base 15) to base 8
-6341
What is -330330 (base 4) in base 15?
-1250
-8958 (base 10) to base 13
-4101
Convert -3908 (base 11) to base 16.
-13e2
1101110000110 (base 2) to base 11
5326
-10101001111010 (base 2) to base 11
-8196
What is -23343 (base 5) in base 10?
-1723
What is 2521 (base 16) in base 4?
2110201
Convert -3420442 (base 5) to base 6.
-1145123
Convert -4503 (base 6) to base 7.
-3024
What is -6660 (base 9) in base 12?
-